alue of 0 - (0 + -16) - 34?
-18
What is 2 + 1 + 5 + (7 - 29 - -27)?
13
What is -2 + (19 - 4 - 5)?
8
What is the value of -9 + 12 + 4 + -12 - (3 + -2)?
-6
Evaluate 577 + -623 + 35 + -1.
-12
Evaluate -16 - -9 - (-4 + -1).
-2
What is the value of (0 - -16) + -3 + -33?
-20
(-4 - -4) + 6 + -10 + -5 - -23
14
Evaluate (2 - (-4 + 1)) + (89 - 97) + -11.
-14
What is 10 + (-2 - (-12 - -10)) - 8?
2
What is 5 - ((3 - 3) + -3 + 8 + -3)?
3
Evaluate 2 + -3 - (-57 - (14 + -12) - -23).
35
0 + 1 + (9 - (0 - -8))
2
Evaluate -5 - (16 - (35 - 10)).
4
Evaluate -24 - -1 - (-274 - -280).
-29
Evaluate -1 + -6 + (-1 - (6 + 1) - -3).
-12
-37 + (22 - 19) - (-16 + 5)
-23
11 + -8 + 10 - (40 + -7)
-20
What is the value of 18 + 10 + -17 - (-5 - 0)?
16
What is 34 + -50 + 17 + 25?
26
What is the value of 5 + (-25 - (-7 + -1 + -1)) - 7?
-18
3 - (-2 + -5) - (-8 - (9 - 13))
14
Evaluate (6 - (0 - -3)) + (-3 - -4).
4
What is the value of -20 + 10 - -17 - (-8 + 4 + -2)?
13
What is the value of -22 + (-5 - ((0 - 10) + 7)) + 1?
-23
Evaluate 2 - (-10 - -1) - (-25 - -8).
28
6 + (10 - (-7 + 12)) - (-3 - 1)
15
-13 - (-33 + (-41 - -69))
-8
What is the value of -2 - ((-6 - 1 - -6) + 7)?
-8
What is the value of (-22 - -34) + -12 + 0?
0
What is -2 + 19 - 47 - -12?
-18
What is the value of (8 - 5) + ((3 - 4) + -2 - -12)?
12
Calculate (1055 - 1038) + -1 + 8 + 2.
26
Calculate 3 + 4 + 0 + -2 - (-26 - -3).
28
Evaluate (3 + 2 - 2) + 5 + -1 - -3.
10
-10 + 7 + -13 + -1
-17
What is the value of (-6 - -4) + (4 + (-4 - 0) - 6)?
-8
Evaluate (-1 - 8) + (4 + -2 - (-1 - 3)).
-3
What is the value of (1 - 10) + (3 - 4) + 6?
-4
6 + -1 + 5 + -2 + 56 + -53
11
Evaluate -11 + (-11 + 13 - -1 - -5).
-3
What is the value of 0 + (19 + -16 - -4)?
7
0 - 12 - (0 - ((2 - -2) + -9))
-17
What is the value of -3 - (34 + -8 + -13 + -39)?
23
What is -3 + (0 + -1 + (-26 - -29) - -4)?
3
((1 - 3) + 4 - 11) + 4 + -1
-6
Calculate (4 - 20) + (-1 + 5 + -17 - -7).
-22
What is the value of -9 + (-7 - (-4 + 3 - 10)) + -3?
-8
What is 1 - -12 - (50 + -48) - (3 - 0)?
8
What is 3 - ((4 - (0 - -6)) + 10)?
-5
Evaluate (41 - 38) + -4 + -1 - -9.
7
What is -24 + (-1 + 2 - (-220 + 217))?
-20
Calculate (-21 - (-1 - 14)) + -1 + -2.
-9
What is -4 + (2 - 9) + (11 - -13)?
13
Evaluate 111 + -123 - (11 - 0).
-23
1 + (3 + 4 - 5) + 6
9
Evaluate 1 + 0 + -1 + (-17 - (-23 + -2)).
8
(-4 + 24 + -11 - 8) + (0 - 19)
-18
Evaluate 2 + -2 + 19 + (43 - 56 - -5).
11
Evaluate (-5 + -7 - 4) + 8.
-8
1 + -2 + (-1 - 15 - (9 - 17))
-9
What is 11 - (4 + 0 + 8 + -19 + 10)?
8
Evaluate -15 - ((-1 + 4 - 5) + -5).
-8
What is (12 - 1) + (83 - 94) + (2 - -10)?
12
What is the value of 0 + (5 - (4 - (-3 + -2))) - -13?
9
Evaluate 5 + (0 - 0 - (-32 - (20 - 48))).
9
12 + 15 - (6 - -4)
17
What is (15 - 4 - 15) + (4 - 2) + 0?
-2
Calculate 28 - ((-4 - -3) + -16 + 17 + 1).
27
-3 + -14 + (-10 - -19)
-8
(-2 - 11) + (5 - 4) + 7 - -10
5
What is -9 + 7 + -2 - 7 - 2?
-13
Evaluate -29 - -30 - (5 - 16).
12
Calculate (8 - (-13 - -32)) + (-3 - -9).
-5
What is 31 + -19 + -6 + 13?
19
What is the value of -15 + 3 - (-44 + (85 - 41))?
-12
2 + (-8 - (-22 + 5)) - 7
4
What is 2 + ((8 - 8) + 3 - 4)?
1
What is -17 - (7 + (6 - 9 - -4 - 13))?
-12
Evaluate (-2 - (-5 + 15)) + 53 + -15.
26
What is 37 + -12 + 10 + -8?
27
Calculate (0 - 13) + -1 + 1 + -2 + 0.
-15
Evaluate (-2 - (5 - 9) - -1) + 37 + -16.
24
Evaluate -244 - -243 - (-3 - (-1 + 0 + -8)).
-7
What is the value of 14 + -3 - (-1 - -16 - (32 + -26))?
2
What is (28 - 6) + (26 - 45)?
3
Evaluate (-7 + (-1 - 0) - -13) + -9.
-4
What is 0 + 14 + (-1 - 3) + -2?
8
-152 - -158 - (-16 - (-3 + 3 + -1))
21
What is -2 + 16 - (-59 + 29 + 28)?
16
Evaluate (-1 - -4) + (8 + -7 - 23) - 2.
-21
-14 - (-6 + -27 + 38)
-19
Evaluate 13 + (3 + -13 + -4 - 11).
-12
22 + -11 + -16 + 14
9
-13 + -101 + 111 + (-1 - 21)
-25
What is (-17 - -4) + 1 + 9?
-3
Calculate (4 - 20) + (27 + -8 - 37).
-34
-39 - (-21 + 19 - 21)
-16
What is (4 - 1) + (-30 - -22 - (1 + 22))?
-28
What is 2 + (-2 - (9 + -6 - 4)) - -7?
8
What is 11 + (1 - -22) + (-18 - -1)?
17
What is the value of (51 - 25 - 4) + -11?
11
-22 - -5 - 1 - (-5 - 31)
18
Calculate (-73 - -36 - -40) + 2 + 11.
16
Calculate -19 + -9 + (-6 - -11) + 7 + 8.
-8
Calculate ((-15 - -7) + (4 - 3) - -9) + -39.
-37
What is (-3 - 9 - -7) + -1 + 10 + 8?
12
Evaluate -6 + (-2 - (-2 + -4) - -25).
23
What is (4 - (-15 - (5 + -12))) + 2?
14
Calculate -3 - (-33 + 16 - (1 - 10)).
5
Calculate (2 + 22 - 25) + 0 + -5.
-6
What is the value of 10 + (2 - -4) + (-46 - -22)?
-8
What is -13 - (24 + -24 + -3 + 2)?
-12
What is (-3 - -8 - -12) + -10?
7
What is -10 - (-6 + 5) - (3 + 1)?
-13
What is (-19 - 24) + 25 + -4 + 51?
29
What is the value of 5 - (21 - (-32 - -39))?
-9
What is the value of (-1 - 0) + -16 + 13 + 2 + -10?
-12
What is the value of -9 - -3 - (-31 + 3 + 9)?
13
Evaluate 1 + -37 + (46 - 24).
-14
Evaluate (-17 + 1 - (111 + -101)) + 12.
-14
Calculate 29 + (10 - (0 - -2) - 15) + -3.
19
What is the value of (-21 - -66) + -47 + 0 + 8?
6
Calculate (-6 - -6) + -15 - (-2 - -5).
-18
What is the value of (-21 - -4) + 14 + 1 + 2 + -13?
-13
Calculate (2 + 5 - 6 - 1) + 2 + -15.
-13
What is 43 + -99 + 54 + -2 + 2 + 21?
19
Evaluate 18 + (-10 - -4) - -13 - -10.
35
Calculate -44 + (-8 - (24 - 38)).
-38
2 - ((-6 - -16) + (-4 - -2))
-6
What is -1 + (15 - 8) - (-2 - (2 - 22))?
-12
(-3 + 4 - 14) + 6 + -24 + 26
-5
What is the value of 1 + (0 - (10 + -5)) + -1 + -5?
-10
Evaluate -29 + 3 + 0 + 10.
-16
What is (10 - -1) + (518 - 516)?
13
What is the value of 1 + -5 + (-6 - (1 + -11)) + 6?
6
-22 - -11 - 0 - 2
-13
3 + -4 + -11 + 10 + 5 + -6
-3
Calculate 17 + -47 + (28 - 12).
-14
What is the value of -3 + 14 + -21 - -2?
-8
-13 + 15 - (11 + -7 + -7 + 7)
-2
What is the value of -19 - (-2 - 2) - (-22 - -3)?
4
What is (-19 - -29 - 30) + 20?
0
Calculate -4 + (11 - ((0 - 5) + 9) - 10).
-7
Evaluate (13 - 27 - -8) + 14.
8
Evaluate 39 + (-23 - 6) + 25.
35
Evaluate -72 - (9 + -42) - -38.
-1
Calculate 3 + -9 - (3 + 6 - 9).
-6
Evaluate -6 + 2 + 34 + -28.
2
What is 2 + -10 - ((-10 - -4) + -2)?
0
Calculate -18 + 17 + -27 - (-11 + 3).
-20
What is the value of 13 - 38 - (-6 - 23)?
4
-8 + -6 - -5 - -3
-6
Evaluate 1 + 6 - 22 - (2 + -8).
-9
What is 10 + (-29 + -1 - (-2 + -3))?
-15
What is the value of 300 - 323 - (-2 - -1)?
-22
Evaluate 2 + -3 - (-10 + 16 + 6).
-13
What is the value of (4 - -3) + (-7 - 2) + -17 - -7?
-12
-11 + (21 - (22 - 16))
4
(1 - -1) + (-4 - ((7 - 6) + 0))
-3
Calculate -9 + 12 + (-1 - (-3 + 4)).
1
What is the value of 10 - (-3 + 19 + -7) - 2 - 38?
-39
Calculate -7 - -1 - (1904 - 1911).
1
What is -13 + -10 + 19 - (-2 - -9)?
-11
Evaluate (-23 - -11 - -7 - -8 - 32) + 8.
-21
What is the value of 7 - (3 + 0) - (-8 - -17)?
-5
Evaluate -23 - (-10 + -11) - -3.
1
Evaluate 11 - (-1 - -15 - -6 - 9 - -13).
-13
What is (-20 - -4) + 14 + 9?
7
Evaluate 7 - 21 - (-2 + -17) - 23.
-18
Evaluate (5 - 6) + 6 + -2 + -9.
-6
What is the value of -20 + -3 + 5 + (3 - -5) + -11?
-21
3 - (-16 - (-13 + 14 - 33))
-13
What is the value of (-11 - -11) + -6 + -9?
-15
What is 6 - (-13 + 14 - -4)?
1
Calculate 19 - 1 - (10 + -10 - 9).
27
Evaluate -13 + 3 + 7 + 3.
0
Calculate (-14 - (-11 + 2)) + 2 - -25 - 3.
19
What is the value of (4 - 11 - 10) + 10 + -1 + -4?
-12
-19 + (5 - 19 - -27)
-6
Calculate 3 + 5 + -4 - (5 - 10 - -3).
6
Calculate -14 + (-13 - 5 - -38).
6
What is 17 - ((-39 - (-14 - 3)) + 10)?
29
Calculate (42 - 60) + (-7 - -34).
9
Calculate (6 - 9) + (1 - 3 - -1).
-4
What is -16 + (15 - 8) - -5?
-4
What is 14 - (1 - 5 - (-32 - -23))?
9
What is the value of -2 - ((-3 - (3 - 5)) + -2 - -4)?
-3
What is (-3 + -1 + 10 - 16) + 24?
14
What is the value of (13 - 0) + -11 + 1 + 19?
22
Calculate (6 - 16 - -1) + 3 + 25.
19
Evaluate (-14 - -16 - 1) + 4 + 0.
5
What is the value of 10 + -6 + -9 - (0 - 1 - -5)?
-9
What is 14 + -7 + 2 + (-8 - (-9 - 0))?
10
What is the value of (1 - -2) + -3 + 6 + (5 - 5)?
6
Calculate 7 - (-2 - (9 - -2 - 17)).
3
Evaluate 9 + -12 + -12 + 10.
-5
What is the value of (9 + 0 - 0) + 191 + -200?
0
What is the value of -14 - (-12 + -27) - (-2 - (-4 - 2))?
21
-28 + 31 + (6 - (0 - 2))
11
Evaluate 15 - (-33 + 26) - (2 + 2).
18
What is the value of (-129 - -125) + -5 + -1?
-10
Calculate 7 + 8 + 4 + -11 - 10 - 18.
-20
What is the value of 22 - (-25 + 47) - (-4 - -5)?
-1
Calculate 17 - (-5 + 20 + 15).
-13
Wha